{"id":614,"date":"2023-10-08T13:45:21","date_gmt":"2023-10-08T11:45:21","guid":{"rendered":"https:\/\/lightpainting.me\/?post_type=product&#038;p=614"},"modified":"2025-02-10T12:21:27","modified_gmt":"2025-02-10T11:21:27","slug":"magic-tube-lite-comming-soon","status":"publish","type":"product","link":"https:\/\/lightpainting.me\/index.php\/produkt\/magic-tube-lite-comming-soon\/","title":{"rendered":"Magic-Tube lite"},"content":{"rendered":"","protected":false},"excerpt":{"rendered":"<p>&nbsp;<\/p>\n<p>Die Magic-Tube ist eines der innovativsten Tools das derzeit am Markt ist!<\/p>\n<p>Das Modell Magic-Tube lite ist mit 144 LEDs best\u00fcckt welche eine gleichm\u00e4\u00dfige Ausleuchtung der ganzen Tube erm\u00f6glichen. Die Ansteuerung erfolgt \u00fcber eine \u00b5Prozessor gesteuerte Elektronik, die \u00fcber ein eingebautes Display und 4- bzw. 5 Tasten bedient wird. Das Display zeigt klar und deutlich den jeweiligen Betriebszustand und wo im Programm man sich befindet. W\u00e4hrend des paintens bleibt das Display dunkel um unerw\u00fcnschte Spuren im Bild zu vermeiden.<\/p>\n<p>Ganz neu ist ein eingebauter Lagesensor (Gyro)\u00a0 der je nachdem wie die Tube gehalten wird die Farben der LEDs wechselt! Dieser Sensor steht in ausgesuchten Programmen zur Verf\u00fcgung. Die M\u00f6glichkeit im Menue jeweils vor- und r\u00fcckw\u00e4rts zu bl\u00e4ttern erspart langes durchklicken. Einzelne Programme (32) k\u00f6nnen w\u00e4hrend des paintens problemlos gewechselt werden. Weiterhin steht ein manueller Modus der die Farben rot, gr\u00fcn, blau, wei\u00df\u00a0 zur Verf\u00fcgung.\u00a0 28 verschiedene Strobes runden das Programm ab.<\/p>\n<p>Der beleuchtete Teil der Tube ist 54cm lang.<\/p>\n<p>Gesamtl\u00e4nge mit Griff 73cm<\/p>\n<p>Eine runde Powerbank mit 2600mAh \u00fcbernimmt die Stromversorgung der Magic-Tube.<\/p>\n","protected":false},"featured_media":617,"template":"","meta":[],"product_brand":[],"product_cat":[17],"product_tag":[],"class_list":{"0":"post-614","1":"product","2":"type-product","3":"status-publish","4":"has-post-thumbnail","6":"product_cat-elektronik","7":"product_shipping_class-sperrgut","9":"first","10":"instock","11":"taxable","12":"shipping-taxable","13":"purchasable","14":"product-type-simple"},"_links":{"self":[{"href":"https:\/\/lightpainting.me\/index.php\/wp-json\/wp\/v2\/product\/614","targetHints":{"allow":["GET"]}}],"collection":[{"href":"https:\/\/lightpainting.me\/index.php\/wp-json\/wp\/v2\/product"}],"about":[{"href":"https:\/\/lightpainting.me\/index.php\/wp-json\/wp\/v2\/types\/product"}],"wp:featuredmedia":[{"embeddable":true,"href":"https:\/\/lightpainting.me\/index.php\/wp-json\/wp\/v2\/media\/617"}],"wp:attachment":[{"href":"https:\/\/lightpainting.me\/index.php\/wp-json\/wp\/v2\/media?parent=614"}],"wp:term":[{"taxonomy":"product_brand","embeddable":true,"href":"https:\/\/lightpainting.me\/index.php\/wp-json\/wp\/v2\/product_brand?post=614"},{"taxonomy":"product_cat","embeddable":true,"href":"https:\/\/lightpainting.me\/index.php\/wp-json\/wp\/v2\/product_cat?post=614"},{"taxonomy":"product_tag","embeddable":true,"href":"https:\/\/lightpainting.me\/index.php\/wp-json\/wp\/v2\/product_tag?post=614"}],"curies":[{"name":"wp","href":"https:\/\/api.w.org\/{rel}","templated":true}]}}