{"id":320,"date":"2021-11-11T17:30:25","date_gmt":"2021-11-11T16:30:25","guid":{"rendered":"https:\/\/lightpainting.me\/?post_type=product&#038;p=320"},"modified":"2024-04-17T14:10:25","modified_gmt":"2024-04-17T12:10:25","slug":"lampenkopf","status":"publish","type":"product","link":"https:\/\/lightpainting.me\/index.php\/produkt\/lampenkopf\/","title":{"rendered":"Objektivabdeckung PRO"},"content":{"rendered":"","protected":false},"excerpt":{"rendered":"<p>Die Objektivabdeckung PRO arbeitet mit jeder 5 Volt Powerbank (nicht im Lieferumfang) und l\u00e4sst sich optimal an nahezu jedes Objektiv anpassen. H\u00f6he und L\u00e4nge der Abdeckkappe sind justierbar. Reichweite der Fernbedienung\u00a0 &gt;50 Meter.<\/p>\n<p>Ausgestattet ist die Objektivabdeckung mit 2x Acra Swiss kompatiblen Anschl\u00fcssen so dass sie bequem\u00a0 zwischen Stativ und Kamera montiert werden kann. Andere Anschlussplatten auf Anfrage!<\/p>\n","protected":false},"featured_media":515,"template":"","meta":[],"product_brand":[],"product_cat":[15],"product_tag":[],"class_list":{"0":"post-320","1":"product","2":"type-product","3":"status-publish","4":"has-post-thumbnail","6":"product_cat-unkategorisiert","8":"first","9":"outofstock","10":"taxable","11":"shipping-taxable","12":"purchasable","13":"product-type-simple"},"_links":{"self":[{"href":"https:\/\/lightpainting.me\/index.php\/wp-json\/wp\/v2\/product\/320","targetHints":{"allow":["GET"]}}],"collection":[{"href":"https:\/\/lightpainting.me\/index.php\/wp-json\/wp\/v2\/product"}],"about":[{"href":"https:\/\/lightpainting.me\/index.php\/wp-json\/wp\/v2\/types\/product"}],"wp:featuredmedia":[{"embeddable":true,"href":"https:\/\/lightpainting.me\/index.php\/wp-json\/wp\/v2\/media\/515"}],"wp:attachment":[{"href":"https:\/\/lightpainting.me\/index.php\/wp-json\/wp\/v2\/media?parent=320"}],"wp:term":[{"taxonomy":"product_brand","embeddable":true,"href":"https:\/\/lightpainting.me\/index.php\/wp-json\/wp\/v2\/product_brand?post=320"},{"taxonomy":"product_cat","embeddable":true,"href":"https:\/\/lightpainting.me\/index.php\/wp-json\/wp\/v2\/product_cat?post=320"},{"taxonomy":"product_tag","embeddable":true,"href":"https:\/\/lightpainting.me\/index.php\/wp-json\/wp\/v2\/product_tag?post=320"}],"curies":[{"name":"wp","href":"https:\/\/api.w.org\/{rel}","templated":true}]}}